 of m?
13
Let k(g) be the second derivative of -g**3/6 + 7*g**2/2 - 2*g. Let c be k(5). What are the prime factors of (16/10 - c)*-10?
2
Suppose 19 = 30*d - 29*d. List the prime factors of d.
19
Let l(q) = -q**3 + 11*q**2 - 18*q + 5. List the prime factors of l(8).
53
Let f(t) = -t - 2. Let q be f(-7). Suppose q*x - 2*x + 5*z = 25, -10 = -2*x - 2*z. Suppose 6*s - 2*s - 24 = x. List the prime factors of s.
2, 3
Let n be 6/9 + 80/6. List the prime factors of 8/28 - (-66)/n.
5
Let t(l) be the second derivative of l**3/6 - 3*l**2/2 + l. Let a be t(3). Suppose -2*o + a*o + 28 = 0. List the prime factors of o.
2, 7
Suppose 53*q - 57*q + 1164 = 0. List the prime factors of q.
3, 97
Suppose 0 = 3*g - 5*g + 48. List the prime factors of g.
2, 3
Suppose 0 = -2*q - 3*t - 3, 2*q = 3*t + 3 - 0. Suppose q*m = -2*m + 8. List the prime factors of m.
2
Suppose -272 = -3*w + 5*k, 53 = -2*w + 2*k + 241. List the prime factors of w.
3, 11
Suppose 5*b - 2*g = 42, -3*g + 7 = 2*b - 25. What are the prime factors of b?
2, 5
Suppose -3*o - 3 = -4*o. List the prime factors of o.
3
What are the prime factors of (3/6)/(4/768)?
2, 3
Let j(r) = -r**3 - 9*r**2 + 11*r + 12. Let c be j(-10). Suppose 22 = c*u - 34. List the prime factors of u.
2, 7
Suppose -4*i = i - 205. Let s = i + -2. Suppose 4*l - 4*d - 5 = s, -2*d = -3*l + 32. List the prime factors of l.
2, 5
Suppose 5 = 4*n - 9*n. Let q(x) = 6*x**2 - x - 1. Let w be q(n). Suppose -w = -5*y + 4. What are the prime factors of y?
2
Let v be (-8 + 7)*(0 + -3). List the prime factors of -2*(-21)/6 - v.
2
What are the prime factors of 15/25 + -1 + (-602)/(-5)?
2, 3, 5
Let h(c) = 2*c - 3. Let g be h(2). Let a be -1*(g + 0) + 2. Let d = a + 9. List the prime factors of d.
2, 5
Let j(i) = i**3 - 4*i**2 + 4*i - 5. List the prime factors of j(6).
7, 13
Suppose r = 2*a - 6 + 13, -5 = -a. List the prime factors of r.
17
Suppose 0 = j - 34 - 1. What are the prime factors of j?
5, 7
Suppose -8*v + 5*v + 576 = 0. List the prime factors of v.
2, 3
Suppose 5*u = 3*u + 14. Let r(s) = s**3 - 6*s**2 - 5*s - 9. Let j be r(u). Suppose 8 = j*f - 3*v - 48, -4*f - 3*v + 34 = 0. What are the prime factors of f?
2, 5
Let i be 10 + -3 - (3 + -1). Suppose 2*f - 48 = -i*q, -27 = -5*q + 3*f + 1. List the prime factors of q.
2
Suppose 2*d = 5*d + 195. Let c = -32 - d. What are the prime factors of c?
3, 11
Let z(d) = 271*d + 4. List the prime factors of z(1).
5, 11
Suppose -5*k + 17 = -2*i - 4, 3*k = 3*i + 9. Suppose 3*j = k*m - 116, 0 = 5*m - 3*j + 2*j - 112. What are the prime factors of m?
2, 11
Let d be ((-18)/(-12))/(6/4). Let o(b) = -b**2 + 5*b - 3. Let k be o(2). What are the prime factors of (0 + d)/(k/33)?
11
What are the prime factors of 1 - 2 - -3 - -5?
7
Suppose 0 = 4*d - 4*l - 180, 4*d + 0*l - 2*l - 184 = 0. What are the prime factors of d?
47
Suppose -4*p + 60 = -8. What are the prime factors of p?
17
Let o(u) be the second derivative of -u**3/3 - 2*u**2 + u. What are the prime factors of o(-5)?
2, 3
Suppose -w = -3*h - 2*h + 597, -5*w - 585 = -5*h. Suppose -4*c + 2*c = -h. Suppose 0 = 5*t - t - c. List the prime factors of t.
3, 5
Let p(w) = -w**3 + 5*w**2 - 4*w. Let i be p(4). Suppose 0 = 2*s - 15 - 25. Let k = s + i. List the prime factors of k.
2, 5
Let m = -12 - -14. Suppose 4*s + m*b - 7*b = 126, 5*s - b = 147. List the prime factors of s.
29
Let w(d) = d + 3. Let p be w(0). Suppose 2*b + 3 = p*b. Suppose -s + b*a + 16 = -0*s, -1 = 2*s + 5*a. What are the prime factors of s?
7
Let l = 79 + 115. What are the prime factors of l?
2, 97
Suppose 0 = 5*i - 2*t + 36, 3*t - 25 - 1 = 4*i. Let f = i + 22. List the prime factors of f.
2, 7
Let b = -13 - -18. Suppose 0 = -0*p - b*p + 25. Suppose 2*w + 0*w = 5*r - 22, -3*r - p*w = -38. What are the prime factors of r?
2, 3
Let a(j) be the third derivative of j**5/60 + j**4/4 - 3*j**3/2 - 4*j**2. Suppose 0 = -5*g - 18 - 22. List the prime factors of a(g).
7
Let a(j) = -9*j + 4. Let g(p) = -p + 1. Let h(m) = -a(m) + 5*g(m). List the prime factors of h(2).
3
Suppose 907 = -0*v + 5*v - 3*t, 0 = 3*v - 5*t - 557. What are the prime factors of v?
179
Suppose -3*h - 16 = -7*h. Suppose -h*z = 3*o - 77, -3*z + 25 = -3*o - 17. What are the prime factors of z?
17
Let p(k) = k**2 - 2*k + 2. Let b be p(3). Suppose b*m = m. Suppose -4*x - 4*s + 40 = m, -6 = -x - s + 4*s. List the prime factors of x.
3
Suppose -4*g = -4*v + 156, 2*g - 77 = -2*v + 5*g. What are the prime factors of v?
2, 5
Let u(f) = 2*f**3 - 5*f**2 - 3*f + 4. Let b(g) = g**3 - 5*g**2 - 3*g + 3. Let h = 3 + -6. Let i(n) = h*b(n) + 2*u(n). List the prime factors of i(-4).
3
Suppose -3*i - 3*n + 27 = 0, -i - 5*n + 13 = -4*i. List the prime factors of i.
2
Let h = 6 + -9. What are the prime factors of (h/(-1))/((-30)/(-100))?
2, 5
Let t(z) = -z**2 + 3*z - 7. Let a(u) = 3*u**2 - 10*u + 20. Let r(g) = -4*a(g) - 11*t(g). List the prime factors of r(6).
3
Suppose -2 = -2*n + 12. Suppose n*k = 4*k. Suppose -f - 40 = -4*m - k*f, -m - 2*f + 1 = 0. List the prime factors of m.
3
Suppose 2*j - 82 = 50. List the prime factors of j.
2, 3, 11
Let t = 8 + -7. Let s be t/4 + (-7)/28. Suppose 0 = -u + 3, 0 = 2*x + 5*u - s*u - 43. What are the prime factors of x?
2, 7
Let q = 8 + -3. Let y(h) = 2*h**3 + 3 - h**3 - 2*h**2 - 3*h**2. What are the prime factors of y(q)?
3
Let r be 12/54 - (-79)/9. Suppose -4*f - 25 = -r*f. Let t(o) = -o**2 + 7*o - 2. List the prime factors of t(f).
2
Let t = -2 + 4. Suppose -5*x - 7 = -o, 3*o + 3*x = t*x + 37. List the prime factors of o.
2, 3
Suppose -35 = 4*t - 7. List the prime factors of t/(-2)*(2 - 0).
7
Let x(p) = p**2 + p - 3. Let o(d) be the third derivative of -d**5/60 - 5*d**4/24 - d**3/2 + 2*d**2. Let n be o(-3). List the prime factors of x(n).
3
Let j = -42 + 30. What are the prime factors of (-1 - -10)/((-4)/j)?
3
Let k(v) = v**3 - 8*v**2 - 8*v - 7. List the prime factors of k(9).
2
Suppose 2*a - 4*a - 96 = 0. Let x = 80 + a. List the prime factors of x.
2
Let v(w) = -9*w**2 + 5*w - 5. Let y be v(2). What are the prime factors of 8/4 - (y - -2)?
31
Let z be 13 - -1*(-3)/3. Suppose 6*g - 2*g = z. Let i = 1 + g. What are the prime factors of i?
2
Let l(x) = x**2 - 3*x + 2. Let h = -3 - -5. Let f be l(h). Suppose 2*a - 24 = -4*w - a, f = -5*w - 3*a + 33. List the prime factors of w.
3
Let h = -4 - -32. List the prime factors of h.
2, 7
Suppose 0*q - 18 = 3*q. Let c be (-26)/q + (-1)/3. Suppose 0*a - a = -c. What are the prime factors of a?
2
Let w(f) = -f + f + 2 + 2*f + f. What are the prime factors of w(6)?
2, 5
Suppose 0 = 13*x - 10*x. Suppose x*u - 3*u + 84 = 0. List the prime factors of u.
2, 7
Let j = 0 - 0. Let l = j - 0. Suppose l = g - 4*g + 12. List the prime factors of g.
2
Suppose -2*g - 3*g = -15. Let n = g - 4. Let v = 3 - n. What are the prime factors of v?
2
Let r be -6*(-2)/4 - 1. Suppose r*v - 18 = -v. List the prime factors of v.
2, 3
Suppose 2*g - 15 = -3*g. Suppose -3*w - 3*m = 1 - 7, -m - 6 = -g*w. Suppose -s = -w*s + 12. List the prime factors of s.
2, 3
Let f(y) = -y**3 + 10*y**2 - 5*y - 4. List the prime factors of f(9).
2
Let p(u) = -7*u + 12. What are the prime factors of p(-27)?
3, 67
Suppose 2*y = -2*s - s - 11, 0 = 5*y + 5*s + 15. Suppose 5 = -i - 2*z + 10, y*z = -5*i + 25. List the prime factors of i.
5
Let y(w) = -50*w + 7. What are the prime factors of y(-2)?
107
Suppose -7*g + 2*g = -15. Suppose -72 = -y - g*y. List the prime factors of y.
2, 3
Let t(b) = 22*b - 1. Let q be t(5). Suppose -5*i = -3*k - q, -5*k - 19 = -i - 6. What are the prime factors of i?
23
Let b = -10 - -18. Suppose -b*p + 4*p - k = -10, -5*k + 10 = 0. What are the prime factors of p/(-3) - (-35)/3?
11
Let t(u) = 0 + 7 + 1 + 1 - u. What are the prime factors of t(0)?
3
Suppose 3*s = -2*s + h + 185, -5*s = 4*h - 185. Let v be 16/(-12) + (-118)/6. Let f = s + v. What are the prime factors of f?
2
Let h(u) = -9*u - 24. List the prime factors of h(-22).
2, 3, 29
Let a = -81 - -113. What are the prime factors of a?
2
Let a = -2 + 3. Let m be a*-2 - (-15)/3. What are the prime factors of 1*(-4)/(-2)*m?
2, 3
Suppose -81*s + 82*s - 235 = 0. List the prime factors of s.
5, 47
Let i(g) = -g**2 + 5*g - 5. Let y be i(4). Let z be (-3 - (y - 2)) + 80. Suppose z = 4*j + j. List the prime factors of j.
2
Let o(b) = -2*b**3 - 4*b**2